[INFO] cloning repository https://github.com/wongJonathan/Password-Generator
[INFO] running `Command { std: "git" "-c" "credential.helper=" "-c" "credential.helper=/workspace/cargo-home/bin/git-credential-null" "clone" "--bare" "https://github.com/wongJonathan/Password-Generator" "/workspace/cache/git-repos/https%3A%2F%2Fgithub.com%2FwongJonathan%2FPassword-Generator", kill_on_drop: false }`
[INFO] [stderr] Cloning into bare repository '/workspace/cache/git-repos/https%3A%2F%2Fgithub.com%2FwongJonathan%2FPassword-Generator'...
[INFO] running `Command { std: "git" "rev-parse" "HEAD", kill_on_drop: false }`
[INFO] [stdout] 22b78efae1f543135a41f4875017eb6bad63c157
[INFO] checking wongJonathan/Password-Generator against try#72f88fc4e9458f89516a0b8b0868f3718aec5b47 for pr-74989
[INFO] running `Command { std: "git" "clone" "/workspace/cache/git-repos/https%3A%2F%2Fgithub.com%2FwongJonathan%2FPassword-Generator" "/workspace/builds/worker-11/source", kill_on_drop: false }`
[INFO] [stderr] Cloning into '/workspace/builds/worker-11/source'...
[INFO] [stderr] done.
[INFO] validating manifest of git repo https://github.com/wongJonathan/Password-Generator on toolchain 72f88fc4e9458f89516a0b8b0868f3718aec5b47
[INFO] running `Command { std: "/workspace/cargo-home/bin/cargo" "+72f88fc4e9458f89516a0b8b0868f3718aec5b47" "read-manifest" "--manifest-path" "Cargo.toml", kill_on_drop: false }`
[INFO] started tweaking git repo https://github.com/wongJonathan/Password-Generator
[INFO] finished tweaking git repo https://github.com/wongJonathan/Password-Generator
[INFO] tweaked toml for git repo https://github.com/wongJonathan/Password-Generator written to /workspace/builds/worker-11/source/Cargo.toml
[INFO] crate git repo https://github.com/wongJonathan/Password-Generator already has a lockfile, it will not be regenerated
[INFO] running `Command { std: "/workspace/cargo-home/bin/cargo" "+72f88fc4e9458f89516a0b8b0868f3718aec5b47" "fetch" "--locked" "--manifest-path" "Cargo.toml", kill_on_drop: false }`
[INFO] running `Command { std: "docker" "create" "-v" "/var/lib/crater-agent-workspace/builds/worker-11/target:/opt/rustwide/target:rw,Z" "-v" "/var/lib/crater-agent-workspace/builds/worker-11/source:/opt/rustwide/workdir:ro,Z" "-v" "/var/lib/crater-agent-workspace/cargo-home:/opt/rustwide/cargo-home:ro,Z" "-v" "/var/lib/crater-agent-workspace/rustup-home:/opt/rustwide/rustup-home:ro,Z" "-e" "SOURCE_DIR=/opt/rustwide/workdir" "-e" "CARGO_TARGET_DIR=/opt/rustwide/target" "-e" "CARGO_HOME=/opt/rustwide/cargo-home" "-e" "RUSTUP_HOME=/opt/rustwide/rustup-home" "-w" "/opt/rustwide/workdir" "-m" "1610612736" "--user" "0:0" "--network" "none" "rustops/crates-build-env@sha256:d92eaeed33fa75130ca1ee6c8a01d1ffb62bac859dfdfb3450e3e5d1c0146529" "/opt/rustwide/cargo-home/bin/cargo" "+72f88fc4e9458f89516a0b8b0868f3718aec5b47" "metadata" "--no-deps" "--format-version=1", kill_on_drop: false }`
[INFO] [stderr] WARNING: Your kernel does not support swap limit capabilities or the cgroup is not mounted. Memory limited without swap.
[INFO] [stdout] 5f1b5eb9a9f7b379d4defc9ecc2c73ffe5ce6055a135e6da599946a25d333cea
[INFO] running `Command { std: "docker" "start" "-a" "5f1b5eb9a9f7b379d4defc9ecc2c73ffe5ce6055a135e6da599946a25d333cea", kill_on_drop: false }`
[INFO] running `Command { std: "docker" "inspect" "5f1b5eb9a9f7b379d4defc9ecc2c73ffe5ce6055a135e6da599946a25d333cea", kill_on_drop: false }`
[INFO] running `Command { std: "docker" "rm" "-f" "5f1b5eb9a9f7b379d4defc9ecc2c73ffe5ce6055a135e6da599946a25d333cea", kill_on_drop: false }`
[INFO] [stdout] 5f1b5eb9a9f7b379d4defc9ecc2c73ffe5ce6055a135e6da599946a25d333cea
[INFO] running `Command { std: "docker" "create" "-v" "/var/lib/crater-agent-workspace/builds/worker-11/target:/opt/rustwide/target:rw,Z" "-v" "/var/lib/crater-agent-workspace/builds/worker-11/source:/opt/rustwide/workdir:ro,Z" "-v" "/var/lib/crater-agent-workspace/cargo-home:/opt/rustwide/cargo-home:ro,Z" "-v" "/var/lib/crater-agent-workspace/rustup-home:/opt/rustwide/rustup-home:ro,Z" "-e" "SOURCE_DIR=/opt/rustwide/workdir" "-e" "CARGO_TARGET_DIR=/opt/rustwide/target" "-e" "CARGO_INCREMENTAL=0" "-e" "RUST_BACKTRACE=full" "-e" "RUSTFLAGS=--cap-lints=forbid" "-e" "CARGO_HOME=/opt/rustwide/cargo-home" "-e" "RUSTUP_HOME=/opt/rustwide/rustup-home" "-w" "/opt/rustwide/workdir" "-m" "1610612736" "--user" "0:0" "--network" "none" "rustops/crates-build-env@sha256:d92eaeed33fa75130ca1ee6c8a01d1ffb62bac859dfdfb3450e3e5d1c0146529" "/opt/rustwide/cargo-home/bin/cargo" "+72f88fc4e9458f89516a0b8b0868f3718aec5b47" "check" "--frozen" "--all" "--all-targets" "--message-format=json", kill_on_drop: false }`
[INFO] [stdout] 7847607fed2b1a39cfc0f6ac9ea8e9fac9b0a0be2a31fb89455ed51f2833f402
[INFO] [stderr] WARNING: Your kernel does not support swap limit capabilities or the cgroup is not mounted. Memory limited without swap.
[INFO] running `Command { std: "docker" "start" "-a" "7847607fed2b1a39cfc0f6ac9ea8e9fac9b0a0be2a31fb89455ed51f2833f402", kill_on_drop: false }`
[INFO] [stderr]    Compiling libc v0.2.68
[INFO] [stderr]     Checking getrandom v0.1.14
[INFO] [stderr]     Checking rand_core v0.5.1
[INFO] [stderr]     Checking rand_chacha v0.2.2
[INFO] [stderr]     Checking rand v0.7.3
[INFO] [stderr]     Checking password_generator v0.1.0 (/opt/rustwide/workdir)
[INFO] [stdout] error[E0583]: file not found for module `file_reader`
[INFO] [stdout]  --> src/main.rs:5:1
[INFO] [stdout]   |
[INFO] [stdout] 5 | mod file_reader;
[INFO] [stdout]   | ^^^^^^^^^^^^^^^^
[INFO] [stdout]   |
[INFO] [stdout]   = help: to create the module `file_reader`, create file "src/file_reader.rs"
[INFO] [stdout] 
[INFO] [stdout] 
[INFO] [stdout] error[E0583]: file not found for module `file_reader`
[INFO] [stdout]  --> src/main.rs:5:1
[INFO] [stdout]   |
[INFO] [stdout] 5 | mod file_reader;
[INFO] [stdout]   | ^^^^^^^^^^^^^^^^
[INFO] [stdout]   |
[INFO] [stdout]   = help: to create the module `file_reader`, create file "src/file_reader.rs"
[INFO] [stdout] 
[INFO] [stdout] 
[INFO] [stdout] error[E0425]: cannot find function `read_file` in module `file_reader`
[INFO] [stdout]   --> src/config.rs:40:55
[INFO] [stdout]    |
[INFO] [stdout] 40 | ...                   file = match file_reader::read_file(filename) {
[INFO] [stdout]    |                                                 ^^^^^^^^^ not found in `file_reader`
[INFO] [stdout] 
[INFO] [stdout] 
[INFO] [stdout] error[E0425]: cannot find function `create_word_list` in module `file_reader`
[INFO] [stdout]   --> src/config.rs:42:55
[INFO] [stdout]    |
[INFO] [stdout] 42 | ...                   Some(file_reader::create_word_list(file_content)),
[INFO] [stdout]    |                                         ^^^^^^^^^^^^^^^^ not found in `file_reader`
[INFO] [stdout] 
[INFO] [stdout] 
[INFO] [stdout] error: aborting due to 3 previous errors
[INFO] [stdout] 
[INFO] [stdout] 
[INFO] [stdout] Some errors have detailed explanations: E0425, E0583.
[INFO] [stdout] 
[INFO] [stdout] For more information about an error, try `rustc --explain E0425`.
[INFO] [stdout] 
[INFO] [stdout] error[E0425]: cannot find function `read_file` in module `file_reader`
[INFO] [stdout]   --> src/config.rs:40:55
[INFO] [stdout]    |
[INFO] [stdout] 40 | ...                   file = match file_reader::read_file(filename) {
[INFO] [stdout]    |                                                 ^^^^^^^^^ not found in `file_reader`
[INFO] [stdout] 
[INFO] [stdout] 
[INFO] [stdout] error[E0425]: cannot find function `create_word_list` in module `file_reader`
[INFO] [stdout]   --> src/config.rs:42:55
[INFO] [stdout]    |
[INFO] [stdout] 42 | ...                   Some(file_reader::create_word_list(file_content)),
[INFO] [stdout]    |                                         ^^^^^^^^^^^^^^^^ not found in `file_reader`
[INFO] [stdout] 
[INFO] [stdout] 
[INFO] [stderr] error: could not compile `password_generator`.
[INFO] [stderr] 
[INFO] [stderr] To learn more, run the command again with --verbose.
[INFO] [stderr] warning: build failed, waiting for other jobs to finish...
[INFO] [stdout] error: aborting due to 3 previous errors
[INFO] [stdout] 
[INFO] [stdout] 
[INFO] [stdout] Some errors have detailed explanations: E0425, E0583.
[INFO] [stdout] 
[INFO] [stdout] For more information about an error, try `rustc --explain E0425`.
[INFO] [stdout] 
[INFO] [stderr] error: build failed
[INFO] running `Command { std: "docker" "inspect" "7847607fed2b1a39cfc0f6ac9ea8e9fac9b0a0be2a31fb89455ed51f2833f402", kill_on_drop: false }`
[INFO] running `Command { std: "docker" "rm" "-f" "7847607fed2b1a39cfc0f6ac9ea8e9fac9b0a0be2a31fb89455ed51f2833f402", kill_on_drop: false }`
[INFO] [stdout] 7847607fed2b1a39cfc0f6ac9ea8e9fac9b0a0be2a31fb89455ed51f2833f402
